?
8
What is the tens digit of 1686275110?
1
What is the hundreds digit of 5110150436?
4
What is the units digit of 2281725989?
9
What is the ten thousands digit of 68194879?
9
What is the millions digit of 50461292?
0
What is the ten millions digit of 283060022?
8
What is the tens digit of 51861057?
5
What is the ten thousands digit of 293154345?
5
What is the units digit of 99315764?
4
What is the thousands digit of 4800419127?
9
What is the tens digit of 33530777?
7
What is the millions digit of 826338279?
6
What is the hundreds digit of 1256278849?
8
What is the millions digit of 6043516?
6
What is the thousands digit of 8499241?
9
What is the ten millions digit of 181698199?
8
What is the ten millions digit of 2039011988?
3
What is the thousands digit of 507099192?
9
What is the ten millions digit of 444435155?
4
What is the ten thousands digit of 25345178?
4
What is the millions digit of 1200012072?
0
What is the units digit of 70386837?
7
What is the tens digit of 111982330?
3
What is the tens digit of 52894048?
4
What is the thousands digit of 135959771?
9
What is the ten thousands digit of 106191084?
9
What is the thousands digit of 92564469?
4
What is the units digit of 118059000?
0
What is the millions digit of 557519637?
7
What is the hundreds digit of 150692096?
0
What is the hundred millions digit of 400589789?
4
What is the tens digit of 262441820?
2
What is the tens digit of 20637799?
9
What is the ten millions digit of 44754592?
4
What is the units digit of 875807116?
6
What is the units digit of 934315066?
6
What is the billions digit of 1531584655?
1
What is the ten thousands digit of 449476570?
7
What is the tens digit of 3853085573?
7
What is the hundred thousands digit of 2999419585?
4
What is the units digit of 143693812?
2
What is the thousands digit of 78513865?
3
What is the ten millions digit of 11272702?
1
What is the ten thousands digit of 40924367?
2
What is the units digit of 227758719?
9
What is the millions digit of 32917485?
2
What is the millions digit of 12764324?
2
What is the hundred thousands digit of 2617061244?
0
What is the hundred thousands digit of 1163769440?
7
What is the ten thousands digit of 1720507286?
0
What is the thousands digit of 27525673?
5
What is the tens digit of 1180106370?
7
What is the hundreds digit of 419690988?
9
What is the hundreds digit of 113677583?
5
What is the tens digit of 3134012615?
1
What is the ten thousands digit of 295643529?
4
What is the ten millions digit of 23609768?
2
What is the ten thousands digit of 65972251?
7
What is the hundred thousands digit of 972708057?
7
What is the tens digit of 7901874016?
1
What is the hundred thousands digit of 129444571?
4
What is the hundred thousands digit of 2925210481?
2
What is the ten thousands digit of 1824511459?
1
What is the units digit of 37325232?
2
What is the tens digit of 21751579?
7
What is the ten millions digit of 74106186?
7
What is the thousands digit of 5169929492?
9
What is the hundred millions digit of 167602814?
1
What is the thousands digit of 199417520?
7
What is the thousands digit of 841002372?
2
What is the hundred thousands digit of 5545939?
5
What is the tens digit of 748818833?
3
What is the thousands digit of 993294669?
4
What is the units digit of 157102029?
9
What is the hundred millions digit of 1844506759?
8
What is the millions digit of 95534347?
5
What is the tens digit of 4913325115?
1
What is the millions digit of 44639169?
4
What is the billions digit of 3407721489?
3
What is the ten thousands digit of 74498077?
9
What is the ten thousands digit of 4447572831?
7
What is the ten millions digit of 5926347562?
2
What is the hundred thousands digit of 59473340?
4
What is the thousands digit of 27746328?
6
What is the units digit of 74368581?
1
What is the thousands digit of 1569119759?
9
What is the hundreds digit of 1470379280?
2
What is the thousands digit of 57698963?
8
What is the thousands digit of 25878590?
8
What is the thousands digit of 64681923?
1
What is the ten thousands digit of 312823917?
2
What is the hundred thousands digit of 583805829?
8
What is the tens digit of 27978783?
8
What is the millions digit of 699434378?
9
What is the tens digit of 368921976?
7
What is the millions digit of 516240682?
6
What is the hundred thousands digit of 236703057?
7
What is the tens digit of 24400184?
8
What is the thousands digit of 1286014393?
4
What is the hundreds digit of 84046972?
9
What is the millions digit of 337115812?
7
What is the units digit of 68052185?
5
What is the ten millions digit of 878748463?
7
What is the ten thousands digit of 5926376?
2
What is the ten millions digit of 1358546524?
5
What is the units digit of 32722064?
4
What is the ten thousands digit of 244555109?
5
What is the hundred thousands digit of 36042843?
0
What is the ten millions digit of 262352792?
6
What is the tens digit of 135950258?
5
What is the hundred thousands digit of 275620964?
6
What is the ten millions digit of 46866519?
4
What is the tens digit of 47950609?
0
What is the thousands digit of 5963519327?
9
What is the tens digit of 53044857?
5
What is the units digit of 729490457?
7
What is the hundred thousands digit of 98882776?
8
What is the hundreds digit of 341035880?
8
What is the hundreds digit of 903943496?
4
What is the units digit of 3003588116?
6
What is the thousands digit of 739648266?
8
What is the tens digit of 16910668?
6
What is the hundreds digit of 2747972917?
9
What is the hundreds digit of 359901910?
9
What is the ten millions digit of 12156903?
1
What is the ten millions digit of 644376686?
4
What is the ten millions digit of 5003829847?
0
What is the hundred thousands digit of 70904161?
9
What is the hundreds digit of 53746640?
6
What is the units digit of 908071550?
0
What is the hundred thousands digit of 458881227?
8
What is the millions digit of 886628828?
6
What is the thousands digit of 26202896?
2
What is the tens digit of 944658685?
8
What is the units digit of 1070803434?
4
What is the millions digit of 43715195?
3
What is the hundred thousands digit of 5819944594?
9
What is the units digit of 2572361526?
6
What is the hundred millions digit of 4229879223?
2
What is the billions digit of 1183901568?
1
What is the units digit of 343372783?
3
What is the hundreds digit of 221374119?
1
What is the units digit of 317572439?
9
What is the tens digit of 17919611?
1
What is the thousands digit of 736498709?
8
What is the hundred thousands digit of 16114235?
1
What is the millions digit of 283191743?
3
What is the hundred thousands digit of 331795938?
7
What is the ten millions digit of 119861772?
1
What is the hundreds digit of 7087141?
1
What is the ten thousands digit of 437192299?
9
What is the ten millions digit of 156503809?
5
What is the thousands digit of 850450111?
0
What is the tens digit of 521350150?
5
What is the hundred thousands digit of 2286297518?
2
What is the hundreds digit of 4080738490?
4
What is the billions digit of 5437928771?
5
What is the hundreds digit of 20680659?
6
What is the ten thousands digit of 5169913374?
1
What is the billions digit of 7229552840?
7
What is the ten thousands digit of 1153791695?
9
What is the thousands digit of 26850389?
0
What is the units digit of 1524596680?
0
What is the tens digit of 77962614?
1
What is the thousands digit of 425424547?
4
What is the ten thousands digit of 878829641?
2
What is the units digit of 338951788?
8
What is the tens digit of 301717309?
0
What is the ten thousands digit of 9884972?
8
What is the thousands digit of 841337254?
7
What is the hundred thousands digit of 79952913?
9
What is the millions digit of 40335756?
0
What is the hundred millions digit of 125511807?
1
What is the ten millions digit of 148181277?
4
What is the ten millions digit of 2367045717?
6
What is the ten thousands digit of 50252448?
5
What is the ten thousands digit of 2631083623?
8
What is the ten millions digit of 1065810067?
6
What is the hundred thousands digit of 206876164?
8
What is the units digit of 2961843227?
7
What is the hundred thousands digit of 3104492295?
4
What is the hundred thousands digit of 87059978?
0
What is the millions digit of 227709402?
7
What is the ten thousands digit of 598066781?
6